{"id":70,"date":"2017-08-23T17:30:34","date_gmt":"2017-08-23T15:30:34","guid":{"rendered":"http:\/\/forsamlingsutveckling.se\/snabbskola\/?page_id=70"},"modified":"2019-12-05T14:56:32","modified_gmt":"2019-12-05T13:56:32","slug":"introduktion","status":"publish","type":"page","link":"http:\/\/forsamlingsutveckling.se\/snabbskola\/nfu-pa-5-minuter\/introduktion\/","title":{"rendered":"Introduktion"},"content":{"rendered":"<p>[et_pb_section fb_built=&#8221;1&#8243; fullwidth=&#8221;on&#8221; _builder_version=&#8221;4.0.7&#8243;][et_pb_fullwidth_image src=&#8221;http:\/\/forsamlingsutveckling.se\/snabbskola\/wp-content\/uploads\/sites\/9\/2019\/12\/INTRODUKTION_.png&#8221; _builder_version=&#8221;4.0.7&#8243;][\/et_pb_fullwidth_image][\/et_pb_section][et_pb_section fb_built=&#8221;1&#8243; _builder_version=&#8221;3.22&#8243;][et_pb_row _builder_version=&#8221;3.25&#8243; custom_padding=&#8221;0px|0px|2px|0px&#8221;][et_pb_column type=&#8221;4_4&#8243; _builder_version=&#8221;3.25&#8243; custom_padding=&#8221;|||&#8221; custom_padding__hover=&#8221;|||&#8221;][et_pb_text _builder_version=&#8221;3.27.4&#8243;]Naturlig F\u00f6rsamlingsutveckling (NFU) \u00e4r ett processverktyg som anv\u00e4nds f\u00f6r att genom ett l\u00e5ngsiktigt arbete f\u00f6rnya och utveckla lokala f\u00f6rsamlingar till att bli h\u00e4lsosamma gemenskaper som v\u00e4xer, g\u00f6r nya l\u00e4rjungar och p\u00e5verkar samh\u00e4llet p\u00e5 ett positivt s\u00e4tt.<\/p>\n<p>H\u00e4r presenterar vi en kort sammanfattning av vad NFU \u00e4r &#8211; mer f\u00f6rdjupad information om NFU hittar du under fliken &#8221;NFU-principerna&#8221; p\u00e5 f\u00f6reg\u00e5ende sida!<\/p>\n<p><strong>NATURLIG<\/strong><\/p>\n<p>Allt levande v\u00e4xer, det ligger i sj\u00e4lva livets na- tur. Ingen beh\u00f6ver tvinga tr\u00e4d att skjuta skott, man beh\u00f6ver inte \u00f6vertala barn att f\u00e5 t\u00e4nder. Att handskas med n\u00e5got levande handlar om att ge f\u00f6ruts\u00e4ttningar f\u00f6r livets energi att hitta utfl\u00f6den, att ge strukturer och ta bort hinder s\u00e5 att det som v\u00e4xer kan g\u00f6ra det p\u00e5 sitt eget naturliga s\u00e4tt.<\/p>\n<p><strong>F\u00d6RSAMLING<\/strong><\/p>\n<p>F\u00f6rsamlingen \u00e4r en levande organism, den rymmer i sig Guds rikes liv. Precis som det lilla fr\u00f6et har f\u00f6rsamlingen en inneboende v\u00e4xtkraft. Fr\u00f6et beh\u00f6ver komma i jorden och f\u00f6rsamlingen finna sin r\u00e4tta milj\u00f6 d\u00e5 v\u00e4xer b\u00e5da av sig sj\u00e4lv. Det enda som beh\u00f6vs \u00e4r vattning och omv\u00e5rdnad. Vi beh\u00f6ver arbeta i linje med detta, inte emot p\u00e5 konstgjorda s\u00e4tt, utan i samklang med f\u00f6rsamlingens innersta v\u00e4sen.<\/p>\n<p><strong>UTVECKLING<\/strong><\/p>\n<p>Liksom allt annat levande s\u00e5 \u00e4r f\u00f6rsamlingen skapad f\u00f6r att utvecklas. Det finns en kraft i den som verkar f\u00f6r att n\u00e5 dess m\u00e5l och fullbordan. Alla vi som \u00e4lskar f\u00f6rsamlingen och arbetar f\u00f6r att den ska bli allt det den \u00e4r \u00e4mnad att vara, beh\u00f6ver bra verktyg f\u00f6r att g\u00f6ra en hj\u00e4lpsam insats, att vattna, besk\u00e4ra, g\u00f6dsla p\u00e5 r\u00e4tt s\u00e4tt. Vi vill att f\u00f6rsamlingen ska \u201dv\u00e4xa i alla avseenden\u201d (Efesierbrevet 4:15).<br \/>\n[\/et_pb_text][\/et_pb_column][\/et_pb_row][et_pb_row _builder_version=&#8221;4.0.7&#8243; custom_padding=&#8221;0px|0px|2px|0px&#8221; hover_enabled=&#8221;0&#8243; custom_margin=&#8221;75px|auto||auto|false|false&#8221;][et_pb_column type=&#8221;4_4&#8243; _builder_version=&#8221;3.25&#8243; custom_padding=&#8221;|||&#8221; custom_padding__hover=&#8221;|||&#8221;][et_pb_text _builder_version=&#8221;3.27.4&#8243;]<\/p>\n<p><strong>NFU STARTADE SOM ETT FORSKNINGSPROJEKT&#8230;<\/strong><\/p>\n<p>NFU \u00e4r resultatet av ett omfattande forskningsprojekt under 90-talet lett av Christian A. Schwarz. Fr\u00e5gan var, \u201cHur g\u00f6r man f\u00f6r att uppt\u00e4cka allm\u00e4ngiltiga principer som g\u00f6r att f\u00f6rsamlingen utvecklas?\u201d F\u00f6r att f\u00e5 svar p\u00e5 fr\u00e5gan valde man att genomf\u00f6ra en vetenskaplig studie av f\u00f6rsamlingar runt om i v\u00e4rlden \u2013 totalt studerades 1000 f\u00f6rsamlingar i 32 l\u00e4nder.<\/p>\n<p>Resultatet blev troligen den f\u00f6rsta v\u00e4rldsomfattande studien som med vetenskapliga metoder hj\u00e4lper oss att svara p\u00e5 fr\u00e5gan: \u201dVilka principer f\u00f6r f\u00f6rsamlingstillv\u00e4xt \u00e4r giltiga, oavsett kulturellt sammanhang och teologisk uppfattning?\u201d<\/p>\n<p>Vad man hittade var \u00e5tta principer \u2013 eller \u201cs\u00e4rdrag\u201d \u2013 som identifierades som gemensamma faktorer hos v\u00e4xande f\u00f6rsamlingar: Utrustande ledarskap, G\u00e5vobaserad verksamhet, H\u00e4ngiven andlighet, Funktionella strukturer, Inspirerande gudstj\u00e4nster, Livsn\u00e4ra sm\u00e5grupper, Behovsorienterad evangelisation och K\u00e4rleksfulla relationer.<\/p>\n<p>Man fann vidare att skillnaden mellan v\u00e4xande och minskande f\u00f6rsamlingar var mycket stor n\u00e4r det g\u00e4ller de \u00e5tta s\u00e4rdragen. Med andra ord: F\u00f6rsamlingar som v\u00e4xer har i allm\u00e4nhet en m\u00e4tbart h\u00f6gre kvalitet. Det g\u00e4ller dock inte utan undantag, det finns f\u00f6rsamlingar som v\u00e4xer numer\u00e4rt men vars kvalitet ligger under medeltalet, kvantitativ v\u00e4xt \u00e4r tydligen m\u00f6jlig p\u00e5 andra s\u00e4tt.<\/p>\n<p>Det fanns emellertid en regel som man inte fann ett enda undantag till bland de 1000 f\u00f6rsamlingar man unders\u00f6kte. Alla f\u00f6rsamlingar som kom upp i ett kvalitetsindex p\u00e5 65 eller mer f\u00f6r samtliga \u00e5tta kvalitativa s\u00e4rdrag, \u00e4r v\u00e4xande f\u00f6rsamlingar. Detta \u00e4r kanske den mest spektakul\u00e4ra uppt\u00e4ckten i studien. Det inneb\u00e4r att om en f\u00f6rsamling har tillr\u00e4ckligt h\u00f6g kvalitet, \u00e4r tillr\u00e4ckligt \u201dbra\u201d p\u00e5 r\u00e4tt saker s\u00e5 v\u00e4xer den automatiskt (i exakta statistiska termer, med 99,4% sannolikhet).<\/p>\n<p>Idag har man gjort \u00f6ver 70 000 f\u00f6rsamlingsunders\u00f6kningar i fler \u00e4n 80 l\u00e4nder. I Sverige har vi gjort \u00f6ver 1000 unders\u00f6kningar ledda av v\u00e5ra erfarna NFU-handledare.<\/p>\n<p>Under \u00e5ren har NFU som verktyg utvecklats, dock med samma principer och gedigna forskning som grund. Ut\u00f6ver de \u00e5tta s\u00e4rdragen inneh\u00e5ller NFU-profilen idag 24 teman och ett flertal processverktyg som finns till hj\u00e4lp f\u00f6r f\u00f6rsamlingen att p\u00e5 ett naturligt och fokuserat arbeta med f\u00f6rsamlingens h\u00e4lsa med m\u00e5let att b\u00e4ra frukt i Guds rike.<\/p>\n<p>[\/et_pb_text][\/et_pb_column][\/et_pb_row][et_pb_row _builder_version=&#8221;3.25&#8243;][et_pb_column type=&#8221;4_4&#8243; _builder_version=&#8221;3.25&#8243; custom_padding=&#8221;|||&#8221; custom_padding__hover=&#8221;|||&#8221;][et_pb_text _builder_version=&#8221;3.27.4&#8243;]<\/p>\n<p><span style=\"font-size: large;\"><a href=\"http:\/\/forsamlingsutveckling.se\/snabbskola\/introduktion\/nfus-varderingar\/\"><strong>&gt; NFUs V\u00c4RDERINGAR <\/strong><\/a><\/span><\/p>\n<p><span style=\"font-size: large;\"><a href=\"http:\/\/forsamlingsutveckling.se\/snabbskola\/introduktion\/av-sig-sjalv-vaxt\/\"><strong>&gt; AV-SIG-SJ\u00c4LV V\u00c4XT <\/strong><\/a><\/span><\/p>\n<p><span style=\"font-size: large;\"><a href=\"http:\/\/forsamlingsutveckling.se\/snabbskola\/introduktion\/nfu-profilen\/\"><strong>&gt; NFU-PROFILEN<\/strong><\/a><\/span><\/p>\n<p>[\/et_pb_text][\/et_pb_column][\/et_pb_row][\/et_pb_section][et_pb_section fb_built=&#8221;1&#8243; _builder_version=&#8221;4.0.7&#8243; global_module=&#8221;578&#8243; saved_tabs=&#8221;all&#8221;][et_pb_row _builder_version=&#8221;4.0.7&#8243;][et_pb_column _builder_version=&#8221;4.0.7&#8243; type=&#8221;4_4&#8243;][et_pb_code _builder_version=&#8221;4.0.7&#8243; hover_enabled=&#8221;0&#8243; text_orientation_last_edited=&#8221;on|phone&#8221; text_orientation_phone=&#8221;center&#8221;]<a href=\"javascript:history.back()\">F\u00f6reg\u00e5ende sida<\/a>[\/et_pb_code][\/et_pb_column][\/et_pb_row][\/et_pb_section]<\/p>\n","protected":false},"excerpt":{"rendered":"<p>Naturlig F\u00f6rsamlingsutveckling (NFU) \u00e4r ett processverktyg som anv\u00e4nds f\u00f6r att genom ett l\u00e5ngsiktigt arbete f\u00f6rnya och utveckla lokala f\u00f6rsamlingar till att bli h\u00e4lsosamma gemenskaper som v\u00e4xer, g\u00f6r nya l\u00e4rjungar och p\u00e5verkar samh\u00e4llet p\u00e5 ett positivt s\u00e4tt. H\u00e4r presenterar vi en kort sammanfattning av vad NFU \u00e4r &#8211; mer f\u00f6rdjupad information om NFU hittar du under [&hellip;]<\/p>\n","protected":false},"author":1,"featured_media":0,"parent":482,"menu_order":0,"comment_status":"closed","ping_status":"closed","template":"","meta":{"_et_pb_use_builder":"on","_et_pb_old_content":"","_et_gb_content_width":""},"_links":{"self":[{"href":"http:\/\/forsamlingsutveckling.se\/snabbskola\/wp-json\/wp\/v2\/pages\/70"}],"collection":[{"href":"http:\/\/forsamlingsutveckling.se\/snabbskola\/wp-json\/wp\/v2\/pages"}],"about":[{"href":"http:\/\/forsamlingsutveckling.se\/snabbskola\/wp-json\/wp\/v2\/types\/page"}],"author":[{"embeddable":true,"href":"http:\/\/forsamlingsutveckling.se\/snabbskola\/wp-json\/wp\/v2\/users\/1"}],"replies":[{"embeddable":true,"href":"http:\/\/forsamlingsutveckling.se\/snabbskola\/wp-json\/wp\/v2\/comments?post=70"}],"version-history":[{"count":27,"href":"http:\/\/forsamlingsutveckling.se\/snabbskola\/wp-json\/wp\/v2\/pages\/70\/revisions"}],"predecessor-version":[{"id":589,"href":"http:\/\/forsamlingsutveckling.se\/snabbskola\/wp-json\/wp\/v2\/pages\/70\/revisions\/589"}],"up":[{"embeddable":true,"href":"http:\/\/forsamlingsutveckling.se\/snabbskola\/wp-json\/wp\/v2\/pages\/482"}],"wp:attachment":[{"href":"http:\/\/forsamlingsutveckling.se\/snabbskola\/wp-json\/wp\/v2\/media?parent=70"}],"curies":[{"name":"wp","href":"https:\/\/api.w.org\/{rel}","templated":true}]}}